5. Let h be q(17). Let s(p) = p**3 + 4*p**2 - 4*p - 1. What is s(h)?
15
Let k = -51 - -71. Suppose 0 = -4*g + 4 + k. Let y(b) = 11*b - 7*b - 2*b + 7 - 4*b. What is y(g)?
-5
Let n(r) = -r**3 - r**2 - r. Suppose -o - 2 = -4. Let g(z) = -2*z**3 - z. Let y(c) = o*g(c) - 3*n(c). What is y(4)?
-12
Let w(a) = -15*a + 16. Let q be w(1). Let g(x) = -12*x + 2. Determine g(q).
-10
Suppose 0 = 5*k - 4*p + 10, 6*p = 4*k + 3*p + 7. Let r(t) = 3 - 9 - t**3 - k + 7 + t**2. Determine r(0).
-1
Let k(f) = 3*f + 9. Suppose 2*h - 8 = 68. Suppose -4*j - 16 = 2*p - 2*j, -h = 5*p + 4*j. Determine k(p).
-9
Let p(c) = -63 + 2*c**3 + 0*c + 61 - 4*c**2 - 2*c**3 - 3*c**3 - 3*c. Give p(-2).
12
Let g(f) = -6*f**2 + 30*f - 7. Let q(d) = -7*d**2 + 32*d - 7. Let c(j) = -5*g(j) + 4*q(j). Determine c(11).
7
Let l(x) = x**3 + 9*x**2 + 6*x - 12. Let w be 21/5 - 4 - 288/40. Calculate l(w).
44
Let k(p) = -p**2 - 5*p + 9. Let h be (-8)/14 - (0 + (-135)/(-21)). Determine k(h).
-5
Let c(d) = 5 - 13*d + 36*d - 1 - 18*d. What is c(-5)?
-21
Let c(g) = -5*g - 1. Suppose -3*y + 68 + 166 = 0. Let v = -79 + y. What is c(v)?
4
Let u(m) = m + 4*m + m - 10 - 11*m - m. Calculate u(-7).
32
Let v(k) = 2*k**3 + 10*k**2 - 2*k - 6. Let r be v(-5). Let g(a) = a**2 - 3*a + 2. Give g(r).
6
Let k(t) = t**2 - 2*t. Let s(i) = -3*i**2 + i. Let d(p) = k(p) - s(p). Give d(4).
52
Let u(c) = 29*c - 60. Let d be u(2). Let z(s) = -s**3 - s + 1. Let w(i) = -6*i**3 - 2*i**2 - 4*i + 5. Let l(t) = w(t) - 5*z(t). Give l(d).
-2
Suppose 8 = i + 3*i. Let a(h) be the third derivative of -1/12*h**4 - 1/60*h**5 + 0*h + 0 + 1/3*h**3 - 5*h**2. Give a(i).
-6
Let p(u) = u**2 + 5*u - 7. Suppose 6*a + 64 = 508. Let m = -79 + a. What is p(m)?
-7
Let k(a) = a**2 + 2*a. Let p be k(-2). Let s(h) = 28 - 7*h + p + 3*h**2 - 5*h - 7*h. Let z(d) = -2*d**2 + 13*d - 19. Let o(y) = 5*s(y) + 7*z(y). Calculate o(5).
12
Let y(d) = -89*d + 3 - 84*d - d**3 - 85*d - 89*d - 5*d**2 + 346*d. Calculate y(-5).
8
Suppose 11 = 4*b + 3. Let z be (-8 - -7)/(b/10). Let n(k) = -k - 6. What is n(z)?
-1
Suppose -2*c + v + 1 = 0, 3*v = -c - v - 13. Let d(y) = y**3 - y**2 - 12*y + 6. Let i(h) = -h**3 + 2*h - 1. Let a(g) = -d(g) - 6*i(g). Calculate a(c).
-4
Let g(b) = 7*b - 2*b + 7*b. Suppose -3*j = -0*j. Suppose -2*z = j, -2*z - 4 = -5*i + 1. Determine g(i).
12
Let g = 108 + -108. Let q(n) = -2*n - 4. Calculate q(g).
-4
Let q(u) be the second derivative of 4*u + 0 + 1/720*u**6 - 1/12*u**4 - 1/40*u**5 + 0*u**3 + 0*u**2. Let z(j) be the third derivative of q(j). Give z(5).
2
Let g(y) = -y + 1. Let m(q) = -q**3 + 8*q**2 - 5*q - 10. Let v be m(7). Suppose -v*b - 8 = -16. Calculate g(b).
-1
Let s(w) = -13*w**2 + 9*w - 2*w**2 + w**3 + 14*w - 4 - 7*w + 30*w**2. Determine s(-14).
-32
Let i(c) = -c**2 - c - 13. Let q(b) = b - 3. Let w(z) = -z + 3. Let s(r) = -5*q(r) - 6*w(r). Let f be s(5). Suppose 3*a - f*a = 0. Calculate i(a).
-13
Let x(b) be the third derivative of 5*b**4/24 + 5*b**3/3 + 382*b**2. Calculate x(-7).
-25
Let j(i) = -176 - 2*i - 179 + 360. What is j(5)?
-5
Suppose j - 2*j = 5. Let y(v) = -27 + 4*v + 7 + 3*v + v**2 + 8 + 16. Calculate y(j).
-6
Let w(o) = 3*o + 10. Suppose 1 + 2 = 5*p + i, -5*i = 4*p - 15. Let y = -4 + 7. Suppose p = y*l - 5*x + 1, 3*x + 26 = l - 3*l. Give w(l).
-11
Let u(v) = v. Let d = -10 - -14. Suppose -4*a + 2*m = 2, -3*m + 1 = a - 5*a. Let p be 2/((d/10)/a). Calculate u(p).
-5
Let g(n) be the third derivative of -18*n**2 + 0*n - 11/6*n**3 + 1/24*n**4 + 0. Let b be (-2)/4*2 - -7. Calculate g(b).
-5
Suppose 37 = -3*p + 43. Let k(r) = 52 + r**3 - 53 + 4*r**2 - p*r**3 - 2*r. Determine k(2).
3
Let q(i) = -3*i. Let f be 0 - (7 - 171/9). What is q(f)?
-36
Let p(r) = -r + 4. Let a be p(-4). Suppose 4*i - 144 = a*i. Let b be (i/27)/(2/9). Let q(v) = v**3 + 6*v**2 - 2. Give q(b).
-2
Let u = -1106 + 1114. Let h(t) = -t**2 + 3*t - 3. Give h(u).
-43
Let p(o) = o**3 - 4*o**2 - 5*o + 4. Let d be p(5). Suppose -5*i - 4*k = 10, 4*i + 17 - 45 = d*k. Let u(t) = -t**3 - t**2 + 2. Calculate u(i).
-10
Suppose l + 3 = -3*g, -l - 12 = -2*g + 6. Let p be 5/(l/8 + 4). Let b(x) = -5*x + x**p - 7 + x + 10 - 2*x. Calculate b(7).
10
Let z(b) be the first derivative of b**3/6 - 2*b + 1. Let j(c) be the first derivative of z(c). Let u = 965 - 964. What is j(u)?
1
Let u(k) = k**3 - k**2 + k - 60. Let s be (-4 + (-1)/6*-26)*0. Calculate u(s).
-60
Let j(v) = -59*v - 3. Let b(s) = 21*s + 1. Let a(p) = -8*b(p) - 3*j(p). Give a(2).
19
Let x(y) = -y**2 - 9*y + 7. Suppose 0 = -25*w + 30*w + 45. Calculate x(w).
7
Let h(r) = 5*r**2 + 2*r + 1. Let w be ((-16)/(-4))/((-3)/(-6)). Suppose 24 = -4*t - 5*u, -4*u = 4*t - 3*u + w. What is h(t)?
4
Let a(j) be the third derivative of j**5/15 - j**4/12 - j**3/3 + 108*j**2. Determine a(-2).
18
Let d(a) = a**2 - 8*a + 4. Let p(c) = 21*c - 6*c - 4 - 4*c - 1. Let w be p(1). Give d(w).
-8
Let k = 1907 - 1902. Let r(w) = w**3 - 3*w**2 - 7*w + 7. Calculate r(k).
22
Let w(p) = 2*p**2 - 19*p + 5. Let a be (-1 - 1/2)*24/(-4). Determine w(a).
-4
Let l(n) = -n**3 - 11*n**2 + 10*n. Let r be l(-12). Suppose 0 = -5*s - 2*b + r, 5*b + 11 = -4*s + 37. Let g(f) = 13*f + s*f**2 - 14*f - 6*f**2. Calculate g(1).
-3
Let s(m) = 4*m + 5. Let w(b) = 4*b. Let q(d) = -d. Let a(x) = -20*q(x) - 4*w(x). Let g be a(1). Calculate s(g).
21
Let q(y) = y**2 - 8*y + 5. Let g be q(7). Let x be (-2)/(g - 14/(-8)). Let d(p) = -10 - 12 - p + x. Calculate d(0).
-14
Let v(m) = 9*m**2 - 42 + 45 + 0*m - 8*m - m**3 - 2*m**2. What is v(5)?
13
Let z(u) = -3*u + 8. Let r(n) = -13*n + 31. Let t(a) = 2*r(a) - 9*z(a). Let f be t(12). Let b(g) = -6*g**f - 2*g + g**2 + 0*g**2. Calculate b(-2).
-16
Let m(b) = b**2 - b - 10. Let f(c) = c**3 - 5*c**2 + 6*c - 5. Let w be f(4). What is m(w)?
-4
Let t(z) be the second derivative of 2*z**3 + z**2 - 2*z - 9. Calculate t(-2).
-22
Let z(t) be the second derivative of 0 + 0*t**2 - 9*t + 1/12*t**4 - 2/3*t**3. Calculate z(4).
0
Let j(b) = -8*b**2 + 9*b + 6. Let x(p) = -3*p**2 + 4*p + 3. Let q(t) = 2*j(t) - 5*x(t). Calculate q(-4).
-11
Let c(p) = -p**3 + 3*p + 1. Suppose -2*k + 15 = -w, 0 = 5*k + 4*w - 2*w - 42. Suppose 2*f - 6 = u, f + k = -5*u - 0. Calculate c(u).
3
Let x(k) = 3*k**2 - 2. Let y = 736 - 737. Calculate x(y).
1
Let y(g) be the first derivative of g**2/2 - 7*g + 121. Calculate y(8).
1
Let w(v) = 20*v**2. Let z(x) = -6*x - 35. Let m be z(-6). Calculate w(m).
20
Let z(o) = 2*o + 4. Let k(s) be the second derivative of s**4/6 + 4*s**3/3 - 3*s**2/2 + 7*s. Let p be k(-4). Calculate z(p).
-2
Let n(j) = -j - 3. Let z be n(4). Let s(h) = -h**3 - 7*h**2 + h + 8. What is s(z)?
1
Let q(u) = u**3 + 4*u**2 + 4*u + 2. Suppose -2*z - 2 = -3*d + d, 0 = 3*d + 6. What is q(z)?
-1
Let k be (8/6)/(1/6). Suppose r + 3*r = k. Let w(i) = -i**3 + 0 + 2*i**2 - 4 - i**3 + 3. Calculate w(r).
-9
Suppose 0 = -3*i - 12, w + 5*i = 5*w - 40. Let h(b) = -b**2 + 7*b - 2. Give h(w).
8
Let t(y) = -5*y + 12. Let p(r) = 28*r - 159. Let s be p(6). Determine t(s).
-33
Suppose -y - 3*l + 13 = 0, 4*y - l + 6*l - 31 = 0. Let a(i) be the third derivative of 0*i + 0 + 1/8*i**4 + y*i**2 + 0*i**3. Give a(2).
6
Let c(o) = o**3 - 5*o**2 + o + 3. Suppose 3*y - 15 = -0*y. Suppose -11*v = -y*v - 30. What is c(v)?
8
Let f(u) be the first derivative of -u**3/3 + 5*u**2/2 - 107. Give f(5).
0
Let c(x) = 2*x**2 + 0*x**2 - x**2 - 2*x + 3*x - 2. Let r be c(1). Let v(g) = 2*g + 15. Let t(f) = -f - 7. Let l(q) = 7*t(q) + 3*v(q). Determine l(r).
-4
Let l(n) be the third derivative of -n**4/8 - 2*n**3/3 - 3*n**2 + 103. Let o be ((-4)/(-10))/(2/20). Calculate l(o).
-16
Let v(j) = -2*j**2 - 5. Let o(n) = 3*n**2 + n + 9. Let a(c) = -3*o(c) - 5*v(c). Let k be a(4). Suppose 6 - k = -4*t. Let y(i) = 13*i + 1. Determine y(t).
-12
Let v(k) be the second derivative of 1/6*k**3 + 9*k + 3/4*k**4 + 0 + 1/2*k**2. What is v(-1)?
9
Let y(x) = -4*x**2 - 9*x + 6. Let a(i) = -5*i**2 - 9*i + 5. Let l(q) = 5*a(q) - 6*y(q). Let b = -1212 + 1220. Determine l(b).
-3
Let f(a) = -a**3 + 10*a**2 + a + 10. Let i(b) = -b**3 + 5*b**2 - 5*b + 35. Let c be i(5). Determine f(c).
20
Let b(u) = 3*u - 21. Let z(y) = -2*y + 14. Let d(w) = -5*b(w) - 8*z(w). Let s = -26 + 26. Suppose -4*x + 3*j = -27, s = -x + j - 1 + 9. Determine d(x).
-4
Let q(y) = 39 - 2*y**2 + 5*y**3 + 42 + 47 - y - 168 + 39. Calculate q(2).
29
Suppose -5*f - 2*